s the tens digit of p?
5
Let d(i) = 16*i**3 + 2*i**2 - 4*i + 2. What is the units digit of d(2)?
0
Let b = -1 - -19. What is the tens digit of b?
1
Let r(f) = f**3 - f**2 - 4*f + 3. Let x be r(3). Let c = 16 - x. Suppose m - c + 1 = 0. What is the units digit of m?
6
Let r be (-6 - -1) + (1 - -2). Let m be -3 - 3*(1 + r). What is the units digit of 0/3 - -3 - m?
3
Let m(l) = 26*l + 19. What is the tens digit of m(5)?
4
Suppose 38 = -h + 4*x - 14, -3*h + x - 178 = 0. What is the units digit of h*7/((-70)/4)?
4
Suppose 8*i = 808 + 472. What is the hundreds digit of i?
1
Let v(x) be the third derivative of x**6/120 - x**5/12 + x**4/6 + 5*x**3/6 + 6*x**2. Let r = 1 - -3. What is the units digit of v(r)?
5
Let x = 18 + 142. What is the units digit of x?
0
Let p = -189 + 406. What is the tens digit of p?
1
Suppose 4*d - 5 - 35 = 0. Suppose -a + 24 = d. What is the tens digit of a?
1
Let o = 4 - -38. Let j = -1 - 2. What is the units digit of ((o/(-2))/j)/1?
7
Suppose -2*d = -2, -5*o + 5*d = 2*d - 17. Let g(f) = -13*f + 4*f + o*f + 1 - f**2. What is the units digit of g(-4)?
5
Let k(q) = 19*q - 5. What is the tens digit of k(2)?
3
Let r = -18 + 27. Suppose 0 = r*g - 8*g - 43. What is the units digit of g?
3
What is the hundreds digit of (0 + -43)*2/((-10)/35)?
3
Suppose -g = 3*g - 288. What is the units digit of g?
2
Let p(o) = o**3 - 4*o**2 + 3*o + 2. Let c be p(3). Suppose 5*d + 5 = 0, 0 = c*j - 7*j - 3*d - 8. What is the units digit of ((-10)/4)/(j/2)?
5
Let f(q) = 3*q - 1. Let n be f(-4). Suppose 0 = -2*i + i - 7. Let b = i - n. What is the units digit of b?
6
Suppose -5*j - 4*u + 20 = u, 0 = 2*j - 2*u - 4. Suppose 0 = j*h - 5*h + 4*d + 16, 85 = 5*h - d. What is the units digit of 202/h + (-2)/9?
1
Suppose 0 = -20*f + 21*f - 50. What is the tens digit of f?
5
Let t(w) = 2*w**2 + 5*w - 11. What is the tens digit of t(-5)?
1
Let i = 414 + -284. Suppose -6*q = -q - i. What is the tens digit of q?
2
Let j be (-1 - 1)/((-12)/(-30)). Let a = -12 + 2. Let x = j - a. What is the units digit of x?
5
Let n = -16 + 30. Let f(l) = 3*l**2 + 1. Let b be f(1). Suppose -2*k - n = -b*k. What is the units digit of k?
7
Let u = -21 - -36. Suppose -a + 4 + u = 0. What is the units digit of a?
9
Let v be (-25)/(-15) - (-2)/6. What is the units digit of ((-2)/(-4))/(v/4)?
1
Let s be 192/(-36)*(-1 - 1/2). Suppose 0 = -2*y - y - 5*h + 44, -4*y - h + 53 = 0. Suppose -s*a = -3*a + 2*r - y, r = 2*a + 2. What is the units digit of a?
1
Let l be -3*-2*3/9. Let g = 14 - 10. Suppose 16 = -l*m + g*m. What is the units digit of m?
8
Let f(a) = 6*a**2 + 5*a**3 - 2*a**3 - 9 - 2*a - 2*a**3 + 0*a. What is the units digit of f(-6)?
3
Suppose -4*k - 14 = -y, -8 - 10 = -3*y + 4*k. Suppose -34 = -y*t + 20. What is the units digit of t?
7
Let m(k) = k**3 + 7*k**2 - k - 1. Let q be m(-7). Let u = q + -3. What is the units digit of u?
3
Let o = 7 - -5. Let y = -6 + o. What is the units digit of y?
6
Suppose -5*p = -6 - 354. What is the tens digit of p?
7
Let g = -16 - -8. Let s(u) = -2*u - 11. Let k be s(g). Suppose 20 = 3*a - 5*x, -5*a + 28 + 12 = -k*x. What is the units digit of a?
0
Let g(i) = -i**3 + 6*i**2 + 7*i. Let h be g(7). Let f(p) = p**2 - p - 4. Let d be f(h). What is the units digit of d/6*(-27)/6?
3
Suppose s + 3*k - 96 = 0, 0 = s + 3*k - 2*k - 92. What is the units digit of s?
0
Suppose -2*t - t + 6 = 0. Suppose 4*f - 56 = -5*d, -4*d - t*f + 40 = -0*d. What is the units digit of d?
8
Let j = 3 - 2. What is the units digit of (18 - 1)/(1/j)?
7
Let c(n) = n + 14. Let w be c(-10). Suppose 5*h - 18 - 73 = 3*t, -h + w*t + 25 = 0. What is the units digit of h?
7
What is the tens digit of 6 + (-17)/3 - (-395)/3?
3
Let u(l) = -l**3 - 3*l**2 - 3*l. Suppose 2*v + 5*z - 3 = -0*v, 1 = -4*v - 3*z. Let t be (1*-2 + 5)/v. What is the units digit of u(t)?
9
Let c = -30 - -20. Let b be (-6)/10 + (-196)/c. Suppose 3*w - b = 35. What is the units digit of w?
8
Let t(a) = -12*a - 13 + 3 + 9. What is the tens digit of t(-2)?
2
Let g = 339 + -81. What is the tens digit of g?
5
Let i(m) = 4*m**2 - 3*m - 6. Suppose 0 = -5*w + 2*j + 10, w - 9 = -3*j + 2*j. What is the units digit of i(w)?
6
Let v be ((-4)/(-10))/((-1)/(-20)). Let w = v + -1. What is the units digit of w?
7
Let m = -6 + 4. Let b be ((-6)/(-3))/m - -7. What is the units digit of (-39)/(-18) - 1/b?
2
Suppose -11 = -j + 8. What is the tens digit of j?
1
Suppose -5*k - 6 = -26. Suppose 0 = k*j - 17 - 71. Suppose 4*x - j = -2. What is the units digit of x?
5
Let w = 0 + -1. Let l(c) = -c**3 - 4*c**2 + 6*c + 2. Let h be l(-5). Let t = w - h. What is the units digit of t?
2
Suppose 97 + 128 = 5*v. What is the units digit of v?
5
Suppose -4*v = -o - 5, -5*o + 0*v + 2*v = -29. Let k(y) = 2*y - 3*y + o + 0. What is the units digit of k(6)?
1
Let i(o) = 6*o. Let m(q) = q**3 - 3*q**2 - q + 2. Let b be m(3). Let x be 3 + (4/(-2) - b). What is the units digit of i(x)?
2
Let d(m) = -11*m + 13. Let s(i) = 5*i - 6. Let c(w) = -6*d(w) - 13*s(w). What is the units digit of c(3)?
3
Let a(i) = -7*i + 4*i - 4*i - 4. What is the units digit of a(-3)?
7
Let r be 1/(-1)*(0 - 4). Suppose -3*g - 2*c = -45 + r, 0 = -2*g - 2*c + 24. Let b = -11 + g. What is the units digit of b?
6
Suppose -5*q - 114 = -10*q - j, 5*q + 4*j = 111. Let x = -3 + q. What is the tens digit of x?
2
Suppose -y + 4 = -4*t + 10, 5*t - 25 = 0. Let p = -4 + y. What is the units digit of p?
0
Let c(d) = -d - 3. Let f be c(-5). Suppose -o = -f*o + 5. Suppose 0 = 2*p + k - 0 - 3, -2*p = -k - o. What is the units digit of p?
2
Suppose 3*c - 38 = 67. What is the units digit of c?
5
Let w = -5 - 0. Let m = w - -7. Suppose -5*z = 4*b - 33, -1 = -m*z + 9. What is the units digit of b?
2
Suppose 0*n - 3*w = 3*n - 15, -w = -2*n + 1. Suppose -j - 3*j = n*l - 88, 5*j - 3*l - 88 = 0. What is the tens digit of j?
2
Let d(w) = 6*w + 18. What is the units digit of d(9)?
2
Suppose 5*c + 2 = 3*j, -2*j + 3*c = c - 4. What is the units digit of 2/j*(24 - 2)?
1
Suppose 2*m - 25 = -x, 0 = -4*x - 4*m - 1 + 117. Let b = x - 20. What is the units digit of b?
3
Let n(l) = -l + 2. Suppose 4 - 3 = c. Let f be 7*c/(-3)*3. What is the units digit of n(f)?
9
Suppose 4*t + 4*i - 60 = 0, i - 6*i - 20 = 0. What is the tens digit of t?
1
Let v(s) = s**2 - 5*s + 2. Let i be v(2). Let x = -3 - i. Suppose -7*h + 10 = -3*h + 2*k, 0 = 2*h + 3*k + x. What is the units digit of h?
4
Let j(x) = -5*x + 12. What is the tens digit of j(-7)?
4
Let h = -161 + 114. Let p = -24 - h. What is the tens digit of p?
2
Let j = -40 + 27. Let f = j - -21. Suppose -p + 5*p = 2*u + f, 9 = -3*u + 5*p. What is the units digit of u?
2
Let m be 1*1/2*4. Suppose -2*b = -2*p + 3*b + 13, -5 = -m*p - 3*b. What is the units digit of (-2)/(-4)*p - -3?
5
Let h = -4 + 8. Suppose -h*d - f + 83 = 0, -d = -f - 7 - 15. What is the units digit of d?
1
Let l(r) = 2*r - 2. Let q be l(10). Suppose q = w - 3*z, 2*z = -14 + 4. What is the units digit of (w*3)/(6/4)?
6
Let a(y) = y**2 + 2*y + 3. Let w be a(-3). Suppose -d + 3*d - 3*z = 10, 3*d - 3*z = 15. Suppose d*h - w = 2*h. What is the units digit of h?
2
Let r(l) = 38*l**3 - l**2 + 1. Let i be r(1). Let c = 60 - i. What is the units digit of c?
2
Suppose -d + 57 = 2*d + 5*a, 0 = 4*d + 4*a - 68. What is the tens digit of (-1)/(-1) - d/(-1)?
1
Let x be 19 - (5 - 1)/2. Suppose 4*g - x - 17 = -v, -136 = -4*v + 5*g. What is the tens digit of v?
3
Suppose -r + 0 = -5, -3*r = -3*z + 12. What is the units digit of z?
9
Suppose 2*n + 156 = x + 4*x, 0 = -x + 3*n + 39. Let f = x - 13. What is the units digit of f?
7
What is the tens digit of 4 - (2 + 5*-2)?
1
Let b(f) = -f**3 + 15*f**2 - 13*f - 4. What is the units digit of b(14)?
0
Suppose 4*r = 5*d - 26, 5*r = -3*d + 5*d - 7. Let i = 15 + d. What is the tens digit of i?
2
Suppose 0*c + 2*a = 3*c - 226, -3*c = 4*a - 196. Suppose 5*j = 3*j + c. What is the tens digit of j?
3
Let b(z) = -7*z - 5. What is the units digit of b(-15)?
0
What is the units digit of 3 + 3*50 - -2*2?
7
Let p(f) be the first derivative of -f**4/4 + 11*f**3/3 - 5*f**2 - 9*f - 3. Let v be p(10). What is the units digit of 2/(-6) - 39/v?
4
Let o(p) = 34*p - 24. What is the tens digit of o(5)?
4
Let t = -3 + 3. Suppose l + 4*v = t, -3*l + 4*v = 9*v - 14. Suppose 2*m + l = 2*n + 2*n, 4 = 2*n - 2*m. What 